
Calculate the highest common divisor of 158 and 945057329.
79
Calculate the greatest common factor of 76242 and 128694.
6
What is the greatest common divisor of 8160 and 10539660?
1020
What is the greatest common divisor of 84 and 274992?
12
What is the highest common factor of 105 and 700715295?
105
What is the highest common divisor of 372788 and 98761?
1391
Calculate the highest common divisor of 441 and 8636733.
63
What is the highest common factor of 104022197 and 1821?
607
What is the highest common divisor of 235 and 16938095?
235
What is the greatest common factor of 34757289 and 28728?
3591
Calculate the greatest common factor of 459438140 and 140.
140
What is the highest common factor of 226 and 178831766?
226
Calculate the greatest common factor of 35087364 and 12.
12
What is the greatest common divisor of 20542 and 4198?
2
What is the highest common divisor of 17249994 and 162?
18
What is the greatest common factor of 1 and 2888464?
1
What is the highest common factor of 11943583 and 653099?
2803
What is the highest common divisor of 463267 and 1169294?
2023
Calculate the greatest common factor of 234832368 and 311.
311
Calculate the highest common factor of 29764 and 179536.
28
What is the highest common divisor of 432 and 87202332?
108
What is the greatest common divisor of 1643 and 1975383829?
1643
Calculate the greatest common divisor of 22635002 and 221.
13
What is the highest common factor of 581075 and 4345?
55
Calculate the highest common divisor of 38445195 and 3.
3
What is the highest common divisor of 16839380 and 10?
10
Calculate the greatest common factor of 269840 and 42800.
80
Calculate the highest common factor of 4381282 and 2476.
1238
Calculate the highest common factor of 20 and 12534876.
4
Calculate the highest common factor of 5436930 and 142130.
610
What is the greatest common divisor of 39 and 884949?
39
Calculate the greatest common divisor of 18395680 and 10240.
160
What is the highest common divisor of 96120 and 18706680?
1080
Calculate the greatest common factor of 6 and 7677995.
1
What is the highest common factor of 8360 and 3273490?
110
Calculate the highest common divisor of 283 and 69306700.
283
What is the highest common factor of 12 and 449369880?
12
Calculate the highest common divisor of 56765968 and 88987.
3869
What is the highest common factor of 29376978 and 14982?
1362
Calculate the highest common factor of 3516 and 871212060.
3516
What is the greatest common factor of 8084170 and 310?
10
Calculate the highest common factor of 42267 and 60795.
579
What is the greatest common divisor of 2136 and 2132664?
24
What is the greatest common factor of 1243385 and 1839721?
611
What is the highest common divisor of 148178421 and 27?
9
Calculate the highest common factor of 326342254 and 16541.
973
What is the greatest common divisor of 270949 and 6139?
7
Calculate the greatest common factor of 8297703 and 85977.
369
Calculate the greatest common divisor of 186824 and 3205532.
484
Calculate the greatest common factor of 208033022 and 506.
46
Calculate the greatest common divisor of 511203 and 11.
11
Calculate the greatest common factor of 117288 and 1718776.
1448
Calculate the highest common divisor of 306 and 412326.
18
What is the highest common factor of 1363744 and 2?
2
Calculate the highest common divisor of 1002 and 23725356.
1002
Calculate the greatest common factor of 13964877 and 42210.
603
Calculate the greatest common divisor of 424 and 1212322.
106
What is the highest common divisor of 392456 and 512?
8
What is the highest common factor of 192943 and 28426?
61
What is the greatest common divisor of 2873237 and 46075?
1843
Calculate the highest common factor of 2479059 and 252450.
5049
Calculate the greatest common factor of 31314 and 2422296.
102
Calculate the highest common divisor of 515782268 and 92.
92
Calculate the highest common divisor of 350965076 and 308.
308
What is the greatest common factor of 871 and 3405878?
67
Calculate the greatest common divisor of 12 and 5233878.
6
What is the greatest common divisor of 11078648 and 632?
8
What is the highest common divisor of 15458 and 1680910?
118
Calculate the highest common divisor of 42421134 and 3440.
86
Calculate the greatest common factor of 584960 and 2490880.
1280
What is the highest common divisor of 6157344 and 4371?
93
What is the highest common factor of 2940 and 1827810?
30
Calculate the greatest common divisor of 6052 and 2608.
4
What is the greatest common factor of 339421860 and 15?
15
Calculate the greatest common factor of 253 and 126885250.
23
Calculate the greatest common factor of 66874 and 2472032.
2306
What is the highest common divisor of 616 and 31153496?
88
What is the highest common divisor of 30700825 and 225?
25
Calculate the greatest common divisor of 80 and 12767440.
80
What is the greatest common divisor of 516 and 3417276?
12
Calculate the highest common divisor of 244046583 and 3762.
1881
Calculate the greatest common factor of 5616 and 11935872.
1872
Calculate the highest common divisor of 204 and 15397444.
68
What is the greatest common divisor of 5327 and 77?
7
Calculate the greatest common divisor of 15305 and 81413417.
3061
Calculate the greatest common divisor of 473570945 and 5.
5
Calculate the greatest common factor of 313692 and 984.
12
What is the highest common factor of 572194807 and 62?
31
Calculate the highest common factor of 975258 and 306.
18
What is the highest common factor of 73923215 and 3880?
485
Calculate the greatest common factor of 20382037 and 3991.
3991
Calculate the highest common factor of 30814300 and 981.
109
Calculate the highest common factor of 5806 and 814500516.
5806
What is the greatest common divisor of 103755 and 1815?
15
Calculate the highest common factor of 488898 and 797184.
3114
Calculate the greatest common factor of 86313363 and 6.
3
What is the greatest common divisor of 168 and 139174?
14
What is the highest common factor of 635808 and 28256?
32
Calculate the greatest common divisor of 28329 and 47101.
19
Calculate the highest common divisor of 66400 and 9319200.
800
Calculate the highest common divisor of 2489369 and 2923.
79
What is the highest common factor of 21889120 and 231?
11
Calculate the greatest common divisor of 222506156 and 23492.
3356
What is the highest common divisor of 15565 and 1864687?
3113
What is the highest common factor of 211579551 and 477?
477
What is the highest common factor of 12579 and 9939207?
1797
Calculate the highest common divisor of 2752 and 5150656.
64
What is the highest common divisor of 57950 and 1919?
19
Calculate the greatest common factor of 44 and 35951729.
11
What is the highest common divisor of 28741 and 274792?
701
Calculate the highest common factor of 5184 and 90252.
36
Calculate the greatest common factor of 59271 and 53406.
69
What is the greatest common factor of 2112 and 2184204?
132
What is the highest common factor of 1519 and 4377541?
217
What is the highest common factor of 9919995 and 45?
15
Calculate the greatest common factor of 25083 and 283959.
27
What is the greatest common factor of 5391 and 7655220?
5391
Calculate the greatest common factor of 3114 and 597268314.
3114
What is the greatest common factor of 1251 and 394938?
9
What is the highest common divisor of 3181906 and 637?
91
Calculate the greatest common factor of 672 and 428990912.
224
What is the highest common factor of 578882 and 78566?
482
What is the greatest common divisor of 651 and 24438757?
217
Calculate the greatest common factor of 3170926 and 167222.
242
What is the greatest common factor of 1686330 and 54981?
369
Calculate the greatest common divisor of 71405376 and 1152.
192
Calculate the highest common factor of 7126 and 8265142.
1018
What is the highest common factor of 21 and 580219?
1
What is the highest common factor of 3072 and 68288?
64
Calculate the greatest common divisor of 11502 and 58644.
162
Calculate the greatest common divisor of 2950 and 1764572.
118
What is the greatest common factor of 6760266 and 6?
6
What is the greatest common divisor of 13 and 107669?
1
Calculate the highest common factor of 3682602 and 252.
126
Calculate the greatest common factor of 180 and 160921692.
36
What is the highest c